he units digit of 2593392?
2
What is the ten thousands digit of 98286842?
8
What is the thousands digit of 16944682?
4
What is the millions digit of 22276941?
2
What is the hundred thousands digit of 73863239?
8
What is the ten thousands digit of 474777838?
7
What is the millions digit of 129681794?
9
What is the hundreds digit of 768133353?
3
What is the units digit of 262085420?
0
What is the hundreds digit of 1081907335?
3
What is the units digit of 46867972?
2
What is the hundreds digit of 93965753?
7
What is the units digit of 589828492?
2
What is the tens digit of 1193595046?
4
What is the billions digit of 2992573467?
2
What is the tens digit of 1736529515?
1
What is the hundreds digit of 4770030?
0
What is the millions digit of 221791280?
1
What is the hundred thousands digit of 1122409632?
4
What is the ten thousands digit of 40982122?
8
What is the millions digit of 77546909?
7
What is the thousands digit of 1865738347?
8
What is the units digit of 4463064880?
0
What is the hundred millions digit of 444392491?
4
What is the tens digit of 35045982?
8
What is the hundred thousands digit of 111317684?
3
What is the hundred millions digit of 499350535?
4
What is the hundred millions digit of 485219259?
4
What is the ten thousands digit of 245729515?
2
What is the hundred thousands digit of 1932676677?
6
What is the ten thousands digit of 2462539045?
3
What is the ten thousands digit of 53871972?
7
What is the hundred millions digit of 2903602905?
9
What is the billions digit of 1324304577?
1
What is the tens digit of 210685568?
6
What is the ten millions digit of 23720009?
2
What is the ten thousands digit of 1607903618?
0
What is the hundred millions digit of 2876164630?
8
What is the millions digit of 948209192?
8
What is the thousands digit of 2737157211?
7
What is the ten millions digit of 24458880?
2
What is the hundreds digit of 434392204?
2
What is the thousands digit of 21777457?
7
What is the thousands digit of 261297835?
7
What is the ten thousands digit of 68800315?
0
What is the ten millions digit of 1311781643?
1
What is the hundred millions digit of 3790020282?
7
What is the units digit of 13368882?
2
What is the ten thousands digit of 4856945043?
4
What is the units digit of 312512465?
5
What is the ten thousands digit of 64381743?
8
What is the tens digit of 14052060?
6
What is the ten thousands digit of 70627252?
2
What is the hundreds digit of 265813658?
6
What is the millions digit of 39117896?
9
What is the hundreds digit of 77571147?
1
What is the hundred millions digit of 7276769637?
2
What is the tens digit of 6943222?
2
What is the hundred millions digit of 349846746?
3
What is the tens digit of 807729921?
2
What is the ten thousands digit of 2594789?
9
What is the tens digit of 67074667?
6
What is the units digit of 301326268?
8
What is the hundred millions digit of 372566940?
3
What is the thousands digit of 4686649?
6
What is the ten thousands digit of 209742422?
4
What is the hundred millions digit of 692379006?
6
What is the ten millions digit of 44564256?
4
What is the tens digit of 85693138?
3
What is the tens digit of 90022565?
6
What is the thousands digit of 303315448?
5
What is the hundred thousands digit of 539334728?
3
What is the hundred millions digit of 100342731?
1
What is the ten thousands digit of 2333227194?
2
What is the hundred millions digit of 268473171?
2
What is the thousands digit of 27084493?
4
What is the millions digit of 21947041?
1
What is the hundreds digit of 115623337?
3
What is the hundred thousands digit of 4860128?
8
What is the hundred millions digit of 261149956?
2
What is the ten thousands digit of 38174941?
7
What is the ten millions digit of 132319546?
3
What is the hundred millions digit of 2010242528?
0
What is the ten millions digit of 1946505378?
4
What is the ten thousands digit of 106401806?
0
What is the hundred thousands digit of 856601561?
6
What is the hundred thousands digit of 664332204?
3
What is the tens digit of 31993643?
4
What is the tens digit of 26425133?
3
What is the units digit of 98091127?
7
What is the millions digit of 270178858?
0
What is the hundreds digit of 51929331?
3
What is the hundred thousands digit of 284811177?
8
What is the hundred thousands digit of 1146954836?
9
What is the units digit of 6042851?
1
What is the millions digit of 58281599?
8
What is the ten thousands digit of 64671443?
7
What is the ten thousands digit of 188281686?
8
What is the thousands digit of 3438174095?
4
What is the ten thousands digit of 588442112?
4
What is the hundred thousands digit of 96331995?
3
What is the units digit of 39523239?
9
What is the thousands digit of 171431736?
1
What is the hundred thousands digit of 5927331049?
3
What is the hundred millions digit of 432746117?
4
What is the tens digit of 1614929295?
9
What is the tens digit of 65489171?
7
What is the hundred thousands digit of 1111717038?
7
What is the hundreds digit of 307430514?
5
What is the hundreds digit of 1682525692?
6
What is the millions digit of 6978904336?
8
What is the units digit of 1933156?
6
What is the units digit of 320032393?
3
What is the millions digit of 1204306974?
4
What is the hundreds digit of 2570309709?
7
What is the hundred thousands digit of 2327012?
3
What is the hundreds digit of 136597442?
4
What is the units digit of 658749421?
1
What is the hundred millions digit of 1101876470?
1
What is the tens digit of 34225058?
5
What is the ten thousands digit of 47648327?
4
What is the thousands digit of 60051807?
1
What is the ten millions digit of 124040733?
2
What is the tens digit of 6683326848?
4
What is the units digit of 947872347?
7
What is the tens digit of 24153289?
8
What is the ten thousands digit of 2534430437?
3
What is the units digit of 97933103?
3
What is the units digit of 2130705911?
1
What is the hundred millions digit of 434266040?
4
What is the millions digit of 7123488?
7
What is the hundred millions digit of 1687145748?
6
What is the units digit of 37113723?
3
What is the ten thousands digit of 221210936?
1
What is the billions digit of 1516781309?
1
What is the millions digit of 104092280?
4
What is the millions digit of 44921519?
4
What is the ten thousands digit of 577197330?
9
What is the ten thousands digit of 81941536?
4
What is the tens digit of 6939807472?
7
What is the ten millions digit of 1079993239?
7
What is the tens digit of 218010206?
0
What is the tens digit of 93121136?
3
What is the ten millions digit of 2325904894?
2
What is the hundred thousands digit of 5784547952?
5
What is the hundred thousands digit of 418566744?
5
What is the hundreds digit of 160674524?
5
What is the thousands digit of 6639970276?
0
What is the millions digit of 1729901055?
9
What is the ten thousands digit of 9264744588?
4
What is the ten thousands digit of 49617837?
1
What is the tens digit of 93369256?
5
What is the thousands digit of 35728883?
8
What is the thousands digit of 3258309?
8
What is the millions digit of 745950944?
5
What is the hundred thousands digit of 292121258?
1
What is the millions digit of 1231456432?
1
What is the hundred millions digit of 265742263?
2
What is the hundreds digit of 100181607?
6
What is the thousands digit of 192686552?
6
What is the tens digit of 229966968?
6
What is the hundred thousands digit of 97285270?
2
What is the hundreds digit of 358990897?
8
What is the units digit of 605476340?
0
What is the ten thousands digit of 142786035?
8
What is the thousands digit of 221374497?
4
What is the units digit of 16034447?
7
What is the tens digit of 29320454?
5
What is the hundreds digit of 969011349?
3
What is the hundred thousands digit of 22225657?
2
What is the tens digit of 2159766622?
2
What is the hundred thousands digit of 329672983?
6
What is the thousands digit of 1165807968?
7
What is the units digit of 2690571323?
3
What is the units digit of 10104694?
4
What is the tens digit of 88937479?
7
What is the billions digit of 1949055480?
1
What is the billions digit of 3904271900?
3
What is the hundred thousands digit of 117305107?
3
What is the tens digit of 144043724?
2
What is the tens digit of 2183074404?
0
What is the tens digit of 5626241145?
4
What is the tens digit of 1278242098?
9
What is the